{"id":406,"date":"2017-03-25T14:14:13","date_gmt":"2017-03-25T13:14:13","guid":{"rendered":"http:\/\/landmetzgerei-mesquida.de\/page\/?page_id=406"},"modified":"2018-12-19T08:25:55","modified_gmt":"2018-12-19T07:25:55","slug":"produkte","status":"publish","type":"page","link":"https:\/\/landmetzgerei-mesquida.de\/page\/produkte\/","title":{"rendered":"Produkte"},"content":{"rendered":"<p>[et_pb_section bb_built=&#8221;1&#8243; admin_label=&#8221;section&#8221; transparent_background=&#8221;off&#8221; allow_player_pause=&#8221;off&#8221; inner_shadow=&#8221;off&#8221; parallax=&#8221;off&#8221; parallax_method=&#8221;on&#8221; make_fullwidth=&#8221;off&#8221; use_custom_width=&#8221;off&#8221; width_unit=&#8221;on&#8221; make_equal=&#8221;off&#8221; use_custom_gutter=&#8221;off&#8221; prev_background_color=&#8221;#000000&#8243; next_background_color=&#8221;#095aa5&#8243;][et_pb_row background_position=&#8221;top_left&#8221; background_repeat=&#8221;repeat&#8221; background_size=&#8221;initial&#8221;][et_pb_column type=&#8221;4_4&#8243;][et_pb_text background_layout=&#8221;light&#8221; text_orientation=&#8221;left&#8221; use_border_color=&#8221;off&#8221; border_color=&#8221;#ffffff&#8221; border_style=&#8221;solid&#8221; background_position=&#8221;top_left&#8221; background_repeat=&#8221;repeat&#8221; background_size=&#8221;initial&#8221;]<\/p>\n<div class=\"n module-type-text diyfeLiveArea \">\n<h1><strong>Unser Sortiment<\/strong><\/h1>\n<p>&nbsp;<\/p>\n<p>Ob Rind, Schwein, Wild oder Gefl\u00fcgel &#8211;\u00a0in unserer Metzgerei finden Sie jedes Fleischprodukt in ausgezeichneter Qualit\u00e4t.<\/p>\n<p>Wir achten bei der Auswahl unserer Waren auf Herstellungsland und -ort, auf die F\u00fctterung und Haltung der Tiere. Ob aus eigener Schlachtung oder vom H\u00e4ndler unseres Vertrauens, Frische und Qualit\u00e4t garantieren wir Ihnen!<\/p>\n<\/div>\n<p>[\/et_pb_text][\/et_pb_column][\/et_pb_row][\/et_pb_section][et_pb_section bb_built=&#8221;1&#8243; fullwidth=&#8221;off&#8221; specialty=&#8221;off&#8221; transparent_background=&#8221;off&#8221; background_color=&#8221;#095aa5&#8243; allow_player_pause=&#8221;off&#8221; inner_shadow=&#8221;off&#8221; parallax=&#8221;off&#8221; parallax_method=&#8221;on&#8221; make_fullwidth=&#8221;off&#8221; use_custom_width=&#8221;off&#8221; width_unit=&#8221;on&#8221; make_equal=&#8221;off&#8221; use_custom_gutter=&#8221;off&#8221; prev_background_color=&#8221;#ffffff&#8221; next_background_color=&#8221;#ffffff&#8221;][et_pb_row background_position=&#8221;top_left&#8221; background_repeat=&#8221;repeat&#8221; background_size=&#8221;initial&#8221;][et_pb_column type=&#8221;1_2&#8243;][et_pb_text background_layout=&#8221;light&#8221; text_orientation=&#8221;left&#8221; use_border_color=&#8221;off&#8221; border_color=&#8221;#ffffff&#8221; border_style=&#8221;solid&#8221; background_position=&#8221;top_left&#8221; background_repeat=&#8221;repeat&#8221; background_size=&#8221;initial&#8221;]<\/p>\n<div class='et-box et-shadow'>\n\t\t\t\t\t<div class='et-box-content'><table id=\"table1\" style=\"border-width: 0px\" height=\"600\" border=\"1\">\n<tbody>\n<tr>\n<td style=\"border-style: none; border-width: medium\">\n<h2>FLEISCH<\/h2>\n<p>Damit Fleisch richtig gut schmeckt, muss es vor allem frisch, saftig und zart sein. Auch die richtige Lagerung und Zubereitung ist wichtig.<\/p>\n<p>Unser Fleischsortiment bietet eine reichliche Auswahl:<\/p>\n<ul>\n<li>Geschnetzeltes vom Schwein und vom Rind<\/li>\n<li>frisches Rindfleisch<\/li>\n<li>frisches Schweinefleisch<\/li>\n<li>Rinderfilet<\/li>\n<li>Entrec\u00f4te<\/li>\n<li>Schweineschnitzel<\/li>\n<li>frisches Hack, gemischt, Schwein oder Rind<\/li>\n<li>Putenbrust<\/li>\n<li>Lammfleisch (Lammfleisch aus der Region)<\/li>\n<li>Kalbfleisch<\/li>\n<li>Grillfleisch gew\u00fcrzt (eigene Herstellung)<\/li>\n<li>u.v.m.<\/li>\n<\/ul>\n<p>Haben Sie Fragen zur Zubereitung? Unsere Bedienung hilft Ihnen gerne!<\/td>\n<\/tr>\n<\/tbody>\n<\/table><\/div><\/div>\n<p>[\/et_pb_text][\/et_pb_column][et_pb_column type=&#8221;1_2&#8243;][et_pb_text background_layout=&#8221;light&#8221; text_orientation=&#8221;left&#8221; use_border_color=&#8221;off&#8221; border_color=&#8221;#ffffff&#8221; border_style=&#8221;solid&#8221; background_position=&#8221;top_left&#8221; background_repeat=&#8221;repeat&#8221; background_size=&#8221;initial&#8221;]<\/p>\n<div class='et-box et-shadow'>\n\t\t\t\t\t<div class='et-box-content'><table id=\"table1\" style=\"border-width: 0px\" height=\"600\" border=\"1\">\n<tbody>\n<tr>\n<td style=\"border-style: none; border-width: medium\">\n<h2>Wurst &amp; Schinken<\/h2>\n<p>Unser vielf\u00e4ltiges Wurst- und Schinkensortiment ist ebenso schmackhaft, zart und frisch wie unsere Fleischsorten. Au\u00dferdem bieten wir Ihnen regelm\u00e4\u00dfig Spezialit\u00e4ten unseres Hauses mit besonderer W\u00fcrze, bestimmten Geschmacksrichtungen und Gew\u00fcrzmischungen \u2013 immer in feinster Metzgereiqualit\u00e4t.<\/p>\n<p>So haben wir beispielsweise im Angebot:<\/p>\n<ul>\n<li>Lyoner<\/li>\n<li>Bierschinken<\/li>\n<li>Salami<\/li>\n<li>Leberwurst<\/li>\n<li>gekochter Schinken<\/li>\n<li>Lachsschinken<\/li>\n<li>Teewurst<\/li>\n<li>Ahle Wurscht (Hessische Spezialit\u00e4t)<\/li>\n<li>Aufschnitt verschiedene Sorten<\/li>\n<li>u.v.m.<\/li>\n<\/ul>\n<p>Regionale Spezialit\u00e4ten finden Sie bei uns Tagesaktuell !<\/td>\n<\/tr>\n<\/tbody>\n<\/table><\/div><\/div>\n<p>[\/et_pb_text][\/et_pb_column][\/et_pb_row][\/et_pb_section][et_pb_section bb_built=&#8221;1&#8243; specialty=&#8221;off&#8221; prev_background_color=&#8221;#095aa5&#8243; _builder_version=&#8221;3.18.4&#8243; custom_padding=&#8221;15px||15px|&#8221;][et_pb_row background_position=&#8221;top_left&#8221; background_repeat=&#8221;repeat&#8221; background_size=&#8221;initial&#8221;][et_pb_column type=&#8221;4_4&#8243;][et_pb_text text_orientation=&#8221;center&#8221; use_border_color=&#8221;off&#8221; background_position=&#8221;top_left&#8221; background_repeat=&#8221;repeat&#8221; background_size=&#8221;initial&#8221; module_alignment=&#8221;center&#8221; _builder_version=&#8221;3.18.4&#8243;]<\/p>\n<h1>Wir Beraten Sie gern<\/h1>\n<p>[\/et_pb_text][\/et_pb_column][\/et_pb_row][\/et_pb_section]<\/p>\n","protected":false},"excerpt":{"rendered":"<p>Unser Sortiment &nbsp; Ob Rind, Schwein, Wild oder Gefl\u00fcgel &#8211;\u00a0in unserer Metzgerei finden Sie jedes Fleischprodukt in ausgezeichneter Qualit\u00e4t. Wir achten bei der Auswahl unserer Waren auf Herstellungsland und -ort, auf die F\u00fctterung und Haltung der Tiere. Ob aus eigener Schlachtung oder vom H\u00e4ndler unseres Vertrauens, Frische und Qualit\u00e4t garantieren wir Ihnen! <div class='et-box et-shadow'>\n\t\t\t\t\t<div class='et-box-content'><\/div><\/div> FLEISCH Damit [&hellip;]<\/p>\n","protected":false},"author":1,"featured_media":0,"parent":0,"menu_order":0,"comment_status":"closed","ping_status":"closed","template":"","meta":{"_et_pb_use_builder":"on","_et_pb_old_content":"","_et_gb_content_width":"","_glsr_average":0,"_glsr_ranking":0,"_glsr_reviews":0,"footnotes":""},"class_list":["post-406","page","type-page","status-publish","hentry"],"_links":{"self":[{"href":"https:\/\/landmetzgerei-mesquida.de\/page\/wp-json\/wp\/v2\/pages\/406","targetHints":{"allow":["GET"]}}],"collection":[{"href":"https:\/\/landmetzgerei-mesquida.de\/page\/wp-json\/wp\/v2\/pages"}],"about":[{"href":"https:\/\/landmetzgerei-mesquida.de\/page\/wp-json\/wp\/v2\/types\/page"}],"author":[{"embeddable":true,"href":"https:\/\/landmetzgerei-mesquida.de\/page\/wp-json\/wp\/v2\/users\/1"}],"replies":[{"embeddable":true,"href":"https:\/\/landmetzgerei-mesquida.de\/page\/wp-json\/wp\/v2\/comments?post=406"}],"version-history":[{"count":48,"href":"https:\/\/landmetzgerei-mesquida.de\/page\/wp-json\/wp\/v2\/pages\/406\/revisions"}],"predecessor-version":[{"id":649,"href":"https:\/\/landmetzgerei-mesquida.de\/page\/wp-json\/wp\/v2\/pages\/406\/revisions\/649"}],"wp:attachment":[{"href":"https:\/\/landmetzgerei-mesquida.de\/page\/wp-json\/wp\/v2\/media?parent=406"}],"curies":[{"name":"wp","href":"https:\/\/api.w.org\/{rel}","templated":true}]}}