{"id":590,"date":"2018-04-13T05:58:48","date_gmt":"2018-04-13T03:58:48","guid":{"rendered":"http:\/\/landmetzgerei-mesquida.de\/page\/?page_id=590"},"modified":"2018-04-13T05:58:48","modified_gmt":"2018-04-13T03:58:48","slug":"cookie-information","status":"publish","type":"page","link":"https:\/\/landmetzgerei-mesquida.de\/page\/cookie-information\/","title":{"rendered":"Cookie Information"},"content":{"rendered":"<p>Die Cookie-Einstellungen auf dieser Website sind auf &#8220;Cookies zulassen&#8221; eingestellt, um das beste Surferlebnis zu erm\u00f6glichen. Wenn du diese Website ohne \u00c4nderung der Cookie-Einstellungen verwendest oder auf &#8220;OK&#8221; klickst, erkl\u00e4rst du sich damit einverstanden.<\/p>\n<p><a id=\"pea_close\" href=\"https:\/\/landmetzgerei-mesquida.de\/page\/\">Zur\u00fcck zur Startseite<\/a><\/p>\n","protected":false},"excerpt":{"rendered":"<p>Die Cookie-Einstellungen auf dieser Website sind auf &#8220;Cookies zulassen&#8221; eingestellt, um das beste Surferlebnis zu erm\u00f6glichen. Wenn du diese Website ohne \u00c4nderung der Cookie-Einstellungen verwendest oder auf &#8220;OK&#8221; klickst, erkl\u00e4rst du sich damit einverstanden. Zur\u00fcck zur Startseite<\/p>\n","protected":false},"author":1,"featured_media":0,"parent":0,"menu_order":0,"comment_status":"closed","ping_status":"closed","template":"","meta":{"_et_pb_use_builder":"","_et_pb_old_content":"","_et_gb_content_width":"","_glsr_average":0,"_glsr_ranking":0,"_glsr_reviews":0,"footnotes":""},"class_list":["post-590","page","type-page","status-publish","hentry"],"_links":{"self":[{"href":"https:\/\/landmetzgerei-mesquida.de\/page\/wp-json\/wp\/v2\/pages\/590","targetHints":{"allow":["GET"]}}],"collection":[{"href":"https:\/\/landmetzgerei-mesquida.de\/page\/wp-json\/wp\/v2\/pages"}],"about":[{"href":"https:\/\/landmetzgerei-mesquida.de\/page\/wp-json\/wp\/v2\/types\/page"}],"author":[{"embeddable":true,"href":"https:\/\/landmetzgerei-mesquida.de\/page\/wp-json\/wp\/v2\/users\/1"}],"replies":[{"embeddable":true,"href":"https:\/\/landmetzgerei-mesquida.de\/page\/wp-json\/wp\/v2\/comments?post=590"}],"version-history":[{"count":1,"href":"https:\/\/landmetzgerei-mesquida.de\/page\/wp-json\/wp\/v2\/pages\/590\/revisions"}],"predecessor-version":[{"id":591,"href":"https:\/\/landmetzgerei-mesquida.de\/page\/wp-json\/wp\/v2\/pages\/590\/revisions\/591"}],"wp:attachment":[{"href":"https:\/\/landmetzgerei-mesquida.de\/page\/wp-json\/wp\/v2\/media?parent=590"}],"curies":[{"name":"wp","href":"https:\/\/api.w.org\/{rel}","templated":true}]}}